{"id":976,"date":"2023-01-26T14:23:34","date_gmt":"2023-01-26T14:23:34","guid":{"rendered":"https:\/\/www.zonab.ch\/?post_type=dt_portfolio&#038;p=976"},"modified":"2024-03-05T10:59:20","modified_gmt":"2024-03-05T10:59:20","slug":"il-fondo-sacco","status":"publish","type":"dt_portfolio","link":"https:\/\/www.zonab.ch\/index.php\/spettacoli\/il-fondo-sacco\/","title":{"rendered":"Il fondo del sacco"},"content":{"rendered":"<div class=\"wpb-content-wrapper\"><p>[vc_row css=&#8221;.vc_custom_1677682527721{padding-bottom: 60px !important;}&#8221;][vc_column]<div id=\"ultimate-heading-79069f5b4dedd8d0\" class=\"uvc-heading ult-adjust-bottom-margin ultimate-heading-79069f5b4dedd8d0 uvc-9261 \" data-hspacer=\"no_spacer\"  data-halign=\"center\" style=\"text-align:center\"><div class=\"uvc-heading-spacer no_spacer\" style=\"top\"><\/div><div class=\"uvc-main-heading ult-responsive\"  data-ultimate-target='.uvc-heading.ultimate-heading-79069f5b4dedd8d0 h2'  data-responsive-json-new='{\"font-size\":\"desktop:42px;mobile_landscape:34px;\",\"line-height\":\"desktop:52px;mobile_landscape:44px;\"}' ><h2 style=\"font-weight:bold;margin-top:0px;margin-bottom:20px;\">Il fondo del sacco<\/h2><\/div><div class=\"uvc-sub-heading ult-responsive\"  data-ultimate-target='.uvc-heading.ultimate-heading-79069f5b4dedd8d0 .uvc-sub-heading '  data-responsive-json-new='{\"font-size\":\"desktop:30px;\",\"line-height\":\"desktop:40px;\"}'  style=\"font-weight:normal;color:#89557b;margin-bottom:40px;\">di Plinio Martini<br \/>\ncon Margherita Saltamacchia<\/div><\/div>[vc_row_inner gap=&#8221;15&#8243;][vc_column_inner width=&#8221;1\/2&#8243; css=&#8221;.vc_custom_1674741758935{padding-right: 20px !important;padding-left: 20px !important;background-color: #89557b !important;}&#8221;]<div id=\"ultimate-heading-96669f5b4dedd966\" class=\"uvc-heading ult-adjust-bottom-margin ultimate-heading-96669f5b4dedd966 uvc-3229 \" data-hspacer=\"no_spacer\"  data-halign=\"left\" style=\"text-align:left\"><div class=\"uvc-heading-spacer no_spacer\" style=\"top\"><\/div><div class=\"uvc-main-heading ult-responsive\"  data-ultimate-target='.uvc-heading.ultimate-heading-96669f5b4dedd966 h3'  data-responsive-json-new='{\"font-size\":\"mobile_landscape:34px;\",\"line-height\":\"mobile_landscape:44px;\"}' ><h3 style=\"font-weight:bold;color:#ffffff;margin-top:20px;margin-bottom:20px;\">Credits<\/h3><\/div><div class=\"uvc-sub-heading ult-responsive\"  data-ultimate-target='.uvc-heading.ultimate-heading-96669f5b4dedd966 .uvc-sub-heading '  data-responsive-json-new='{\"font-size\":\"\",\"line-height\":\"\"}'  style=\"font-weight:normal;color:#ffffff;margin-bottom:20px;\">Con: <strong>Margherita Saltamacchia<br \/>\n<\/strong><span class=\"Apple-converted-space\">e\u00a0<\/span><strong>Daniele Dell\u2019Agnola<\/strong><span class=\"Apple-converted-space\"><br \/>\n<\/span>Adattamento e regia: <strong>Margherita Saltamacchia<\/strong><span class=\"Apple-converted-space\"><br \/>\n<\/span>Musiche originali: <strong>Daniele Dell\u2019Agnola<\/strong><span class=\"Apple-converted-space\"><br \/>\nC<\/span>oach per i movimenti: <strong>Jess Gardolin<\/strong><span class=\"Apple-converted-space\"><br \/>\nD<\/span>isegno luci: <strong>Paolo Battaglia<\/strong><span class=\"Apple-converted-space\"><br \/>\n<\/span>Direttore tecnico: <strong>Alexander Budd<\/strong><span class=\"Apple-converted-space\"><br \/>\n<\/span>Foto di scena: <strong>Rocco Schira<\/strong><span class=\"Apple-converted-space\"><br \/>\nP<\/span>roduttore: <strong>Gianfranco Helbling<\/strong><span class=\"Apple-converted-space\"><br \/>\n<\/span>Produzione: <strong>Teatro Sociale Bellinzon<\/strong>a<br \/>\nDurata: <strong>85 minuti, senza intervallo<\/strong><span class=\"Apple-converted-space\"><br \/>\n<\/span>Distribuzione: <strong>ZONA\u2019B<\/strong><\/p>\n<p>BOOKING: <span style=\"color: #ffffff;\"><a style=\"color: #ffffff;\" href=\"mailto:michela@zonab.ch\"><strong>michela@zonab.ch<\/strong><\/a><\/span><\/div><\/div>[\/vc_column_inner][vc_column_inner width=&#8221;1\/2&#8243;][vc_column_text css=&#8221;.vc_custom_1674743061669{padding-bottom: 0px !important;}&#8221;]<i>Il fondo del sacco <\/i>(Casagrande 1970) racconta la vita di Gori, un giovane della Val Bavona abbagliato come molti all\u2019inizio del secolo scorso dal sogno americano. Decide di lasciare tutto per cercar fortuna in California. La narrazione \u00e8 affidata a un\u2019unica voce, quella di Gori, attraverso un parlato quotidiano che recupera la cultura e la lingua del popolo.<span class=\"Apple-converted-space\">\u00a0<\/span><\/p>\n<p>Perch\u00e9 rileggerlo oggi? Perch\u00e9 non si pu\u00f2 prescindere dal passato per vivere il presente e costruire il futuro. La vicenda del minchione Gori ci riguarda tutti e i luoghi reali descritti da Plinio Martini restituiscono una consapevolezza e un rispetto per le valli che abbiamo davanti agli occhi e che spesso diamo per scontati. Ma da cos\u2019\u00e8 nato quel sacrificio? Che cosa spingeva quei giovani del secolo scorso ad amare e lavorare \u00abnelle montagne pi\u00f9 dirupate del mondo\u00bb?[\/vc_column_text][\/vc_column_inner][\/vc_row_inner][vc_column_text]\u00c8 un racconto di emigrazione, ma anche di illusioni, false speranze e amarezze, di amore e dolore incancellabili\u2026 un sacco pieno di fatiche da svuotare per liberarsene, forse, per continuare certamente quella ricerca di s\u00e9 cominciata a vent\u2019anni con il primo viaggio da Cavergno alla California.\u00a0Gori inizia il suo racconto dal ritorno a casa, dopo una vita vissuta in America a guadagnarsi il pane non senza aver passato un giorno privo di malinconia per la sua terra. Perch\u00e9 \u00abil destino di un uomo \u00e8 quello di affezionarsi anche alle ginestre se ci \u00e8 nato, a un paese che non puoi neanche metterti gi\u00f9 con comodo in un prato, e gi\u00e0 ti ritrovi una brancata di ricci nel sedere\u00bb. Una storia scritta per vuotare un sacco appesantito dalla fatica di una vita, ma fatto anche di buono \u00abperch\u00e9 a essere giusto devo dire che abbiamo avuto anche di quello\u00bb.[\/vc_column_text][\/vc_column][\/vc_row][vc_row css=&#8221;.vc_custom_1677682513957{padding-bottom: 60px !important;}&#8221;][vc_column][vc_single_image image=&#8221;930&#8243; img_size=&#8221;full&#8221; alignment=&#8221;center&#8221;][\/vc_column][\/vc_row][vc_row bg_type=&#8221;bg_color&#8221; bg_override=&#8221;ex-full&#8221; bg_color_value=&#8221;#fbf7fc&#8221; css=&#8221;.vc_custom_1677682562156{padding-top: 40px !important;padding-bottom: 60px !important;}&#8221;][vc_column][vc_column_text css=&#8221;.vc_custom_1677682644752{padding-bottom: 30px !important;}&#8221;]<\/p>\n<h3 style=\"font-weight: 400; text-align: left;\"><strong>Recensioni<\/strong><\/h3>\n<p><a href=\"https:\/\/www.bavona.ch\/it\/diario\/2019-03-19-spettacolo-teatrale-il-fondo-del-sacco\" target=\"_blank\" rel=\"noopener\">Fondazione Valle Bavona \u2013 Spettacolo teatrale \u201cIl fondo del sacco\u201d<\/a><\/p>\n<p><a href=\"https:\/\/www.azione.ch\/cultura\/dettaglio\/articolo\/al-sociale-il-fondo-del-sacco.html\" target=\"_blank\" rel=\"noopener\">Azione \u2013 Al Sociale il Fondo del sacco \u2013 15.06.2020<\/a><\/p>\n<p><a href=\"https:\/\/www.laregione.ch\/ticino7\/ticino7\/1406068\/un-gran-rincrescere-e-un-gran-rileggere\" target=\"_blank\" rel=\"noopener\">LaRegione \u2013 Un gran rincrescere (e un gran rileggere) \u2013 30.11.2019<\/a><\/p>\n<p><a href=\"https:\/\/www.pressreader.com\/switzerland\/laregione\/20180508\/281569471360068\" target=\"_blank\" rel=\"noopener\">https:\/\/www.pressreader.com\/switzerland\/laregione\/20180508\/281569471360068<\/a>[\/vc_column_text][\/vc_column][\/vc_row]<\/p>\n<\/div>","protected":false},"excerpt":{"rendered":"<p>Margherita Saltamacchia &#8211; LaT\u00e2che21<\/p>\n","protected":false},"author":1,"featured_media":930,"comment_status":"closed","ping_status":"closed","template":"","dt_portfolio_category":[16,12],"dt_portfolio_tags":[],"class_list":["post-976","dt_portfolio","type-dt_portfolio","status-publish","has-post-thumbnail","hentry","dt_portfolio_category-margherita-saltamacchia","dt_portfolio_category-teatro","dt_portfolio_category-16","dt_portfolio_category-12","description-off"],"_links":{"self":[{"href":"https:\/\/www.zonab.ch\/index.php\/wp-json\/wp\/v2\/dt_portfolio\/976","targetHints":{"allow":["GET"]}}],"collection":[{"href":"https:\/\/www.zonab.ch\/index.php\/wp-json\/wp\/v2\/dt_portfolio"}],"about":[{"href":"https:\/\/www.zonab.ch\/index.php\/wp-json\/wp\/v2\/types\/dt_portfolio"}],"author":[{"embeddable":true,"href":"https:\/\/www.zonab.ch\/index.php\/wp-json\/wp\/v2\/users\/1"}],"replies":[{"embeddable":true,"href":"https:\/\/www.zonab.ch\/index.php\/wp-json\/wp\/v2\/comments?post=976"}],"version-history":[{"count":11,"href":"https:\/\/www.zonab.ch\/index.php\/wp-json\/wp\/v2\/dt_portfolio\/976\/revisions"}],"predecessor-version":[{"id":1173,"href":"https:\/\/www.zonab.ch\/index.php\/wp-json\/wp\/v2\/dt_portfolio\/976\/revisions\/1173"}],"wp:featuredmedia":[{"embeddable":true,"href":"https:\/\/www.zonab.ch\/index.php\/wp-json\/wp\/v2\/media\/930"}],"wp:attachment":[{"href":"https:\/\/www.zonab.ch\/index.php\/wp-json\/wp\/v2\/media?parent=976"}],"wp:term":[{"taxonomy":"dt_portfolio_category","embeddable":true,"href":"https:\/\/www.zonab.ch\/index.php\/wp-json\/wp\/v2\/dt_portfolio_category?post=976"},{"taxonomy":"dt_portfolio_tags","embeddable":true,"href":"https:\/\/www.zonab.ch\/index.php\/wp-json\/wp\/v2\/dt_portfolio_tags?post=976"}],"curies":[{"name":"wp","href":"https:\/\/api.w.org\/{rel}","templated":true}]}}

<div class="wpb-content-wrapper"><p>[vc_row css=&#8221;.vc_custom_1677682527721{padding-bottom: 60px !important;}&#8221;][vc_column]<div id="ultimate-heading-79069f5b4dedd8d0" class="uvc-heading ult-adjust-bottom-margin ultimate-heading-79069f5b4dedd8d0 uvc-9261 " data-hspacer="no_spacer"  data-halign="center" style="text-align:center"><div class="uvc-heading-spacer no_spacer" style="top"></div><div class="uvc-main-heading ult-responsive"  data-ultimate-target='.uvc-heading.ultimate-heading-79069f5b4dedd8d0 h2'  data-responsive-json-new='{"font-size":"desktop:42px;mobile_landscape:34px;","line-height":"desktop:52px;mobile_landscape:44px;"}' ><h2 style="font-weight:bold;margin-top:0px;margin-bottom:20px;">Il fondo del sacco</h2></div><div class="uvc-sub-heading ult-responsive"  data-ultimate-target='.uvc-heading.ultimate-heading-79069f5b4dedd8d0 .uvc-sub-heading '  data-responsive-json-new='{"font-size":"desktop:30px;","line-height":"desktop:40px;"}'  style="font-weight:normal;color:#89557b;margin-bottom:40px;">di Plinio Martini<br />
con Margherita Saltamacchia</div></div>[vc_row_inner gap=&#8221;15&#8243;][vc_column_inner width=&#8221;1/2&#8243; css=&#8221;.vc_custom_1674741758935{padding-right: 20px !important;padding-left: 20px !important;background-color: #89557b !important;}&#8221;]<div id="ultimate-heading-96669f5b4dedd966" class="uvc-heading ult-adjust-bottom-margin ultimate-heading-96669f5b4dedd966 uvc-3229 " data-hspacer="no_spacer"  data-halign="left" style="text-align:left"><div class="uvc-heading-spacer no_spacer" style="top"></div><div class="uvc-main-heading ult-responsive"  data-ultimate-target='.uvc-heading.ultimate-heading-96669f5b4dedd966 h3'  data-responsive-json-new='{"font-size":"mobile_landscape:34px;","line-height":"mobile_landscape:44px;"}' ><h3 style="font-weight:bold;color:#ffffff;margin-top:20px;margin-bottom:20px;">Credits</h3></div><div class="uvc-sub-heading ult-responsive"  data-ultimate-target='.uvc-heading.ultimate-heading-96669f5b4dedd966 .uvc-sub-heading '  data-responsive-json-new='{"font-size":"","line-height":""}'  style="font-weight:normal;color:#ffffff;margin-bottom:20px;">Con: <strong>Margherita Saltamacchia<br />
</strong><span class="Apple-converted-space">e </span><strong>Daniele Dell’Agnola</strong><span class="Apple-converted-space"><br />
</span>Adattamento e regia: <strong>Margherita Saltamacchia</strong><span class="Apple-converted-space"><br />
</span>Musiche originali: <strong>Daniele Dell’Agnola</strong><span class="Apple-converted-space"><br />
C</span>oach per i movimenti: <strong>Jess Gardolin</strong><span class="Apple-converted-space"><br />
D</span>isegno luci: <strong>Paolo Battaglia</strong><span class="Apple-converted-space"><br />
</span>Direttore tecnico: <strong>Alexander Budd</strong><span class="Apple-converted-space"><br />
</span>Foto di scena: <strong>Rocco Schira</strong><span class="Apple-converted-space"><br />
P</span>roduttore: <strong>Gianfranco Helbling</strong><span class="Apple-converted-space"><br />
</span>Produzione: <strong>Teatro Sociale Bellinzon</strong>a<br />
Durata: <strong>85 minuti, senza intervallo</strong><span class="Apple-converted-space"><br />
</span>Distribuzione: <strong>ZONA’B</strong></p>
<p>BOOKING: <span style="color: #ffffff;"><a style="color: #ffffff;" href="mailto:michela@zonab.ch"><strong>michela@zonab.ch</strong></a></span></div></div>[/vc_column_inner][vc_column_inner width=&#8221;1/2&#8243;][vc_column_text css=&#8221;.vc_custom_1674743061669{padding-bottom: 0px !important;}&#8221;]<i>Il fondo del sacco </i>(Casagrande 1970) racconta la vita di Gori, un giovane della Val Bavona abbagliato come molti all’inizio del secolo scorso dal sogno americano. Decide di lasciare tutto per cercar fortuna in California. La narrazione è affidata a un’unica voce, quella di Gori, attraverso un parlato quotidiano che recupera la cultura e la lingua del popolo.<span class="Apple-converted-space"> </span></p>
<p>Perché rileggerlo oggi? Perché non si può prescindere dal passato per vivere il presente e costruire il futuro. La vicenda del minchione Gori ci riguarda tutti e i luoghi reali descritti da Plinio Martini restituiscono una consapevolezza e un rispetto per le valli che abbiamo davanti agli occhi e che spesso diamo per scontati. Ma da cos’è nato quel sacrificio? Che cosa spingeva quei giovani del secolo scorso ad amare e lavorare «nelle montagne più dirupate del mondo»?[/vc_column_text][/vc_column_inner][/vc_row_inner][vc_column_text]È un racconto di emigrazione, ma anche di illusioni, false speranze e amarezze, di amore e dolore incancellabili… un sacco pieno di fatiche da svuotare per liberarsene, forse, per continuare certamente quella ricerca di sé cominciata a vent’anni con il primo viaggio da Cavergno alla California. Gori inizia il suo racconto dal ritorno a casa, dopo una vita vissuta in America a guadagnarsi il pane non senza aver passato un giorno privo di malinconia per la sua terra. Perché «il destino di un uomo è quello di affezionarsi anche alle ginestre se ci è nato, a un paese che non puoi neanche metterti giù con comodo in un prato, e già ti ritrovi una brancata di ricci nel sedere». Una storia scritta per vuotare un sacco appesantito dalla fatica di una vita, ma fatto anche di buono «perché a essere giusto devo dire che abbiamo avuto anche di quello».[/vc_column_text][/vc_column][/vc_row][vc_row css=&#8221;.vc_custom_1677682513957{padding-bottom: 60px !important;}&#8221;][vc_column][vc_single_image image=&#8221;930&#8243; img_size=&#8221;full&#8221; alignment=&#8221;center&#8221;][/vc_column][/vc_row][vc_row bg_type=&#8221;bg_color&#8221; bg_override=&#8221;ex-full&#8221; bg_color_value=&#8221;#fbf7fc&#8221; css=&#8221;.vc_custom_1677682562156{padding-top: 40px !important;padding-bottom: 60px !important;}&#8221;][vc_column][vc_column_text css=&#8221;.vc_custom_1677682644752{padding-bottom: 30px !important;}&#8221;]</p>
<h3 style="font-weight: 400; text-align: left;"><strong>Recensioni</strong></h3>
<p><a href="https://www.bavona.ch/it/diario/2019-03-19-spettacolo-teatrale-il-fondo-del-sacco" target="_blank" rel="noopener">Fondazione Valle Bavona – Spettacolo teatrale “Il fondo del sacco”</a></p>
<p><a href="https://www.azione.ch/cultura/dettaglio/articolo/al-sociale-il-fondo-del-sacco.html" target="_blank" rel="noopener">Azione – Al Sociale il Fondo del sacco – 15.06.2020</a></p>
<p><a href="https://www.laregione.ch/ticino7/ticino7/1406068/un-gran-rincrescere-e-un-gran-rileggere" target="_blank" rel="noopener">LaRegione – Un gran rincrescere (e un gran rileggere) – 30.11.2019</a></p>
<p><a href="https://www.pressreader.com/switzerland/laregione/20180508/281569471360068" target="_blank" rel="noopener">https://www.pressreader.com/switzerland/laregione/20180508/281569471360068</a>[/vc_column_text][/vc_column][/vc_row]</p>
</div>

<p>Margherita Saltamacchia &#8211; LaTâche21</p>
